 14 + -1. Suppose c - s - 16 = 0. What is the remainder when 84 is divided by c?
26
Suppose -l + 8 = -2*k, -3*l = -4*k - 26 + 8. Let v = l - 0. Calculate the remainder when 53 is divided by -1 + v - 68/(-4).
17
Suppose 4*a + 0 - 320 = 0. Suppose 5*r = 3*o + a, r + 2*o - 1 = 2. What is the remainder when 24 is divided by r?
11
Let b = -13 - -45. What is the remainder when 93 is divided by b?
29
Suppose 84 = 4*a + 2*a. Let l(t) be the first derivative of 4*t**2 - 6*t - 1. Calculate the remainder when l(4) is divided by a.
12
Suppose 313 = 10*u - 577. Calculate the remainder when u is divided by (-3)/6 + 47/2.
20
Let i be 28/12 - 2/6. Suppose -2*a - 22 = -2*y - 6, 0 = 5*a + 10. Suppose -i*d + y = -28. What is the remainder when d is divided by 9?
8
Let v(o) = -o**3 - 2*o**2 - 4. What is the remainder when v(-3) is divided by 8 + 42/(-6) - -1?
1
Let r(p) = -p**2 - 11*p + 1. Suppose 2*m - 3*m + 75 = 0. Calculate the remainder when m is divided by r(-9).
18
What is the remainder when (1/3)/(4/(6 - -846)) is divided by 11?
5
Let q(b) = -1 - 4 + 7 - 6*b + b**2. Let h be q(3). Let t(w) = -w**3 - 7*w**2 - 2*w - 1. Calculate the remainder when 37 is divided by t(h).
11
Let h(i) = -4*i + 65. What is the remainder when 143 is divided by h(9)?
27
Suppose -35 = -0*w - w. Suppose -4*z + w = z. Calculate the remainder when 19 is divided by z.
5
Calculate the remainder when (188/8)/((-1)/(-2)) is divided by 26.
21
Let n = -19 + 86. What is the remainder when n is divided by 23?
21
Let l be 1/((-1)/45) - 0. Let z = 4 - 1. Calculate the remainder when (0 - 1)*l/z is divided by 8.
7
Suppose 3*t + p = 2*p, -5*t - 2*p = 0. Suppose -3*j + o + 35 = t, 4*o + 15 = 4*j - 37. Calculate the remainder when 32 is divided by j.
10
Suppose 5*b = 3*d - 8, 5*d = d + 4*b + 8. Suppose -3*n + 0*c - 4*c = -8, -4*n + 4*c - 8 = 0. Let g = n + d. What is the remainder when 1 is divided by g?
0
Let w(g) = 5*g**2 + 4*g + 3. Let s be w(-4). Let f = -24 + s. Calculate the remainder when f is divided by 15.
13
Suppose 0*l = l - 6. Let k = 9 - l. Calculate the remainder when 31 is divided by 12 - k/((-9)/(-3)).
9
Suppose 0*u = 6*u - 12. Suppose 0*d - 3*d + 15 = 0. Suppose -d*h + 10*h = 20, -2*c - h = -12. Calculate the remainder when c is divided by u.
0
Let o(n) = -n - 1. Let w be 0*1/(-1) - -96. Let l be (-6)/(-10) - w/10. What is the remainder when o(l) is divided by 5?
3
Let v be (-9)/(-3) - (5 + 2). What is the remainder when 19 is divided by 11*(1 + 4 + v)?
8
Let a = -11 + 11. Let n = a - -7. Calculate the remainder when n is divided by 5.
2
Let o be 3 - (22 + (-1 - 1)). Let m = o + 24. Calculate the remainder when m is divided by 4.
3
Suppose 932 = 9*i - 247. What is the remainder when i is divided by 22?
21
Let g(p) = -6*p + 1. Let u be g(-1). Suppose s - 10 - u = 0. Calculate the remainder when s is divided by 6.
5
Suppose -x - x + 4 = 0. Let k = -4 + 7. Calculate the remainder when k is divided by x.
1
Let a be ((-38)/(-4))/((-2)/4). Let k = -12 - a. What is the remainder when 25 is divided by k?
4
Let t be -1 + 1 - 3*-5. Suppose 6 = 3*p - t. Let x = p + -1. Calculate the remainder when 11 is divided by x.
5
Suppose -4*m = -9*m + 390. Suppose 10 = -b + m. What is the remainder when b is divided by 23?
22
Let r(m) = -m**2 + 10*m + 2. Let g be r(7). Let a = g - -5. Let z(c) = -2*c + 4. What is the remainder when a is divided by z(-3)?
8
Suppose 2*h - 6 = -0. Suppose 2*p + 13 = 35. Calculate the remainder when p is divided by h.
2
Let s(r) = -1 - 7*r**2 + 0*r - r + 18*r**2. Suppose 10 = -7*w + 3. What is the remainder when s(w) is divided by 6?
5
Let c(r) be the first derivative of -r**2/2 - 3. What is the remainder when 7 is divided by c(-3)?
1
Suppose 4*i - 18 = -214. Let p = 119 + i. What is the remainder when (p/25)/(1/5) is divided by 8?
6
Let v be ((-10)/(-4))/(2/4). Suppose -v*u + 4*u = -5*s - 8, -5*u + 3*s = -18. Suppose u*f - 13 = 14. What is the remainder when 17 is divided by f?
8
Let q = 12 - 7. Suppose 0 = w - 0*w + 1. Let c = 1 - w. Calculate the remainder when q is divided by c.
1
Suppose 0*q + u - 29 = -q, -u = 2. Suppose -19 = 2*i + 5*r, 4*r + q = 11. Let g = 357 - 350. Calculate the remainder when g is divided by i.
1
Let k(p) = -4*p + 31. Let q(z) = -2*z + 16. Let d(n) = 3*k(n) - 5*q(n). What is the remainder when 60 is divided by d(-9)?
29
Let k(j) = -27*j - 14. Calculate the remainder when k(-5) is divided by 31.
28
What is the remainder when 19 is divided by (-2)/4*(-12 + 2)?
4
Let t(s) = s**2 + 3*s + 5. Suppose 3*n - 29 = -5*z, 2*n - 5*z = -0*z + 11. Calculate the remainder when t(-5) is divided by n.
7
Suppose 2*z - 5 = 3, 3*z = -4*i + 196. What is the remainder when i is divided by 12?
10
Let z = -17 - -38. Calculate the remainder when 40 is divided by z.
19
Suppose 4*m = 2*d - 4, 3*d - 3 = 3*m - d. Let t = 2 - m. Let g(z) = -z**3 + 5*z**2 + 8*z - 5. Calculate the remainder when g(6) is divided by t.
1
Calculate the remainder when 424/12 - 1/3 is divided by 9.
8
Let u = -81 + 116. What is the remainder when u is divided by 3*(81/45)/(3/5)?
8
What is the remainder when -159*(2 + (-32)/12) is divided by 18?
16
Let r(x) = 3 + 0*x + 0*x - x - 4 + x**2. What is the remainder when r(2) is divided by 1?
0
Let h(q) = q - 3. Let g be h(6). Suppose o + 0*o = g. Calculate the remainder when 4 is divided by o.
1
Let o = -1 - -5. Suppose -5*w - o = m - 44, -w + 2*m = -19. Suppose 3*l + 0*l = 3*i - 69, 0 = i + 2*l - 32. What is the remainder when i is divided by w?
8
Let y = -1 + 6. What is the remainder when 1*(-3)/((-9)/39) is divided by y?
3
Let x(a) = -3*a - 9. Let t(b) = -3*b - 6. Let s be t(-6). Let n = s + 13. What is the remainder when n is divided by x(-6)?
7
Suppose -2*l = -l - 16. Let p be -2 + 2 - (-4)/1. Suppose 7*w - p*w = 90. What is the remainder when w is divided by l?
14
Let y = -20 + 25. What is the remainder when 13 is divided by y?
3
Let w be 3/(-2)*(-8)/(-6). Let a be -2 + 1 + w - -5. Suppose 0*m = -a*m + 8. Calculate the remainder when 11 is divided by m.
3
Suppose t - 11 = 2*g - 3, -3*g = -5*t + 68. Suppose 2*s - t = 14. Suppose x + j - s = -2*x, -2*x = 5*j + 3. What is the remainder when 15 is divided by x?
3
Let n(z) = -z**2 + 5*z - 6. Let t be n(4). Let c be (15/t)/((-6)/16). Let o = c - 7. What is the remainder when o is divided by 7?
6
Suppose 2*a = 3*a - 23. What is the remainder when a is divided by 13?
10
Let b(h) = -8*h - 32. What is the remainder when 92 is divided by b(-7)?
20
Suppose z = 2*g - 5*g + 67, -166 = -3*z - 2*g. Suppose -4*h + 15 = 3*k - 64, 2*h - z = -4*k. What is the remainder when h is divided by (-2)/(-13) - (-460)/52?
7
Let g be 1 + 3*4/(-6). Suppose -z - 9 = -3. Let b = g - z. Calculate the remainder when 8 is divided by b.
3
Let i(v) = 5*v**2 + 2*v - 1. Calculate the remainder when 739/11 - (-4)/(-22) is divided by i(2).
21
Let z(j) = -j**2 + 24*j + 19. What is the remainder when 34 is divided by z(24)?
15
Suppose 3*g + 120 = 7*g. Calculate the remainder when g is divided by 11.
8
Let p = 6 - 8. Let k(f) = -f**3 + 2*f. Calculate the remainder when k(p) is divided by 2.
0
Let g(o) = -o - 2. Let n be g(-5). Calculate the remainder when (n/(-3))/(-1) - -28 is divided by 15.
14
Let f(w) = 3*w**2 - 2*w - 1. Let t(o) = o**2 + 5*o - 8. Let l be t(-6). Calculate the remainder when 29 is divided by f(l).
14
Let t(z) = 2*z + 4. Let c be 11/2 - (-2)/(-4). Calculate the remainder when (-52)/3*(-9)/6 is divided by t(c).
12
Suppose -145 + 501 = 4*p. Calculate the remainder when p is divided by 15.
14
Let t = 12 + 12. What is the remainder when t is divided by 9?
6
Let r be 2 - 2/(-2 - 0). Suppose -28 = -r*q + 41. Let m = 33 - 21. What is the remainder when q is divided by m?
11
Let v = 13 + 27. Suppose 3*z = -2*z + v. What is the remainder when z is divided by (10/3)/(2/3)?
3
Let p(k) be the first derivative of -3*k**2/2 + 3*k - 1. What is the remainder when p(-3) is divided by 7?
5
Let c = -47 - -170. Calculate the remainder when c is divided by 31.
30
Suppose -2*s + 0 = -2. Suppose -21 + s = -5*g. Suppose -2*p + 15 = f, 17 = g*f + 5*p - 58. Calculate the remainder when 74 is divided by f.
24
Let z = -4 + -4. Let o = 17 - z. Calculate the remainder when o is divided by (-40)/(-5) - (1 + 0).
4
Suppose -5*z - 6 = 24. Let o be 15/z*